*2 - 1093*w - 26074. Give k(-247).
-139
Let v(y) = -13*y**2 + 11440*y + 210144. Calculate v(-18).
12
Let x(d) = 13301*d + 80125. Calculate x(-6).
319
Let u(k) = 107*k - 11688. Give u(110).
82
Let k(c) = 8*c**3 - c**2 + 11*c + 191. Give k(0).
191
Let k(m) = -16619*m + 10204065. Give k(614).
-1
Let y(f) = -72*f**2 - 11724*f - 9720. Determine y(-162).
0
Let b(r) = -r**2 - 7866*r + 39317. What is b(5)?
-38
Let y(i) = -10*i**2 + 34*i + 17. What is y(0)?
17
Let h(a) = 10*a**2 + 48909*a + 293099. Give h(-6).
5
Let p(v) = -3272*v**2 - 497345*v - 147. What is p(-152)?
5
Let x(g) = 20*g**2 + 37*g + 16. Calculate x(-6).
514
Let w(r) = -r**2 - 3427*r - 74950. Give w(-22).
-40
Let g(c) = 5400*c + 130039. Determine g(-24).
439
Let q(m) = -8*m**2 - 971*m - 29376. Give q(-64).
0
Let s(a) = -142343*a - 15657737. What is s(-110)?
-7
Let f(u) = u**3 - 8*u**2 + 386*u - 4513. Calculate f(10).
-453
Let j(o) = 3*o**2 + 203*o + 3350. What is j(-39)?
-4
Let w(v) = 3741*v - 12271. Give w(4).
2693
Let q(w) = 2*w**2 - 679*w + 26229. Determine q(46).
-773
Let v(w) = 7*w**2 + 142*w - 46. What is v(-7)?
-697
Let m(o) = 171*o + 69754. Give m(-408).
-14
Let m(u) = -60730*u + 485834. Calculate m(8).
-6
Let c(a) = 14083*a + 72260. What is c(-5)?
1845
Let l(a) = 6173*a + 18411. Calculate l(-3).
-108
Let c(i) = 12*i**2 + 30*i + 13. Calculate c(-8).
541
Let i(z) = 801*z + 55478. Calculate i(-69).
209
Let l(q) = -739*q - 301514. Calculate l(-408).
-2
Let r(w) = -47*w**2 + 993*w - 991. Determine r(1).
-45
Let q(f) = 59160*f + 235841. Determine q(-4).
-799
Let m(n) = -n**3 - 60*n**2 + 241*n + 14230. What is m(-60)?
-230
Let c(s) = 2275*s - 6388. Determine c(2).
-1838
Let n(r) = 8*r**3 + 89*r**2 - 371*r - 4190. Calculate n(-11).
12
Let r(d) = d**3 + 12*d**2 + 47*d + 203. What is r(-8)?
83
Let c(y) = 3*y**3 - 687*y**2 + 1103*y - 252563. Give c(229).
24
Let j(z) = 1257*z - 145809. What is j(116)?
3
Let a(l) = l**3 + 102*l**2 + 307*l + 31331. Determine a(-102).
17
Let v(z) = -2*z**3 - 63*z**2 + 9*z + 464. Determine v(-32).
1200
Let m(r) = -502*r**2 + 334333*r - 665. Determine m(666).
1
Let z(u) = 20*u**2 + 1343*u - 1123. Determine z(-68).
33
Let s(r) = 2*r**3 - 116*r**2 - 1513*r - 32. Give s(69).
313
Let m(g) = -78*g**2 - 587*g - 770. What is m(-6)?
-56
Let p(s) = -53*s**2 - 293*s - 404. What is p(-4)?
-80
Let c(y) = 143*y + 20819. What is c(-134)?
1657
Let n(u) = 100*u**2 + 9455*u - 9462. Determine n(1).
93
Let i(y) = 2*y**2 - 13509*y - 749036. Determine i(-55).
9
Let f(v) = 2784*v + 117058. Give f(-42).
130
Let a(m) = -909*m - 7380. Determine a(-9).
801
Let n(z) = z**3 - 2*z**2 - 23*z + 100. What is n(-10)?
-870
Let g(m) = -m**3 + 265*m**2 - 12417*m - 1581. Determine g(61).
66
Let h(x) = -2332*x**2 - 27983*x - 20. Calculate h(-12).
-32
Let a(k) = 2*k**2 - 85*k + 321. Calculate a(25).
-554
Let y(r) = 7*r**2 + 336*r - 2289. Determine y(-54).
-21
Let p(q) = 4*q**3 - 42*q**2 - 529*q + 5607. Determine p(11).
30
Let n(d) = 6*d**2 - 527*d - 833. Determine n(90).
337
Let g(o) = o**3 + 78*o**2 + 1354*o + 6847. Give g(-56).
15
Let w(v) = 243*v - 18131. Determine w(75).
94
Let b(m) = -114864*m - 918919. Give b(-8).
-7
Let h(v) = -158*v**3 - 6*v**2 + 9*v + 22. Determine h(2).
-1248
Let g(w) = -3069*w + 64574. What is g(21)?
125
Let w(i) = -10*i**3 - 53*i**2 + 143*i + 701. What is w(-6)?
95
Let j(f) = -575007*f - 5750061. Determine j(-10).
9
Let i(x) = 11*x**2 + 61*x + 610. Give i(-12).
1462
Let z(a) = -a**3 + 10*a**2 - 6*a - 37. Give z(17).
-2162
Let p(w) = -3*w**2 + 973*w + 72768. Calculate p(387).
12
Let x(h) = 151*h**2 + 2083*h + 4890. Give x(-3).
0
Let k(p) = -p**3 - 38*p**2 + 946*p - 202. Determine k(-55).
-807
Let t(k) = 11357*k - 7859047. Determine t(692).
-3
Let u(r) = -r**3 + 375*r**2 - 413*r + 15281. What is u(374)?
695
Let m(u) = 15*u**3 - 4*u**2 - 99*u + 90. Give m(1).
2
Let t(q) = -3*q**3 + 215*q**2 - 1203*q - 6306. What is t(65)?
-1
Let f(w) = -2*w**3 + 310*w**2 - 1499*w - 2. Calculate f(5).
3
Let w(r) = -r**3 - 89*r**2 + 469*r - 106. Calculate w(-94).
-12
Let t(j) = 2*j**2 + 31*j - 1518. Give t(-35).
-153
Let m(x) = 1728*x - 1594. Give m(1).
134
Let v(c) = 5*c**2 + 74*c + 268. What is v(-27)?
1915
Let j(r) = 4149*r - 8344. What is j(2)?
-46
Let d(m) = -136*m**2 + 762*m + 10. Give d(1).
636
Let s(k) = 20*k**2 + 1101*k + 960. Calculate s(-54).
-174
Let n(v) = 2173*v + 30243. Give n(-14).
-179
Let w(y) = y**3 + 300*y**2 + 10839*y + 762. What is w(-258)?
-12
Let a(v) = -17*v**2 - 1730*v + 69940. Calculate a(31).
-27
Let c(g) = -g**3 - 3*g**2 + 3499*g - 13882. What is c(4)?
2
Let s(l) = 4508*l - 27123. Determine s(6).
-75
Let a(g) = -784*g - 21701. Calculate a(-28).
251
Let m(n) = -6*n**3 - 564*n**2 + 618*n + 4554. Give m(-95).
-6
Let x(i) = -14977*i + 913598. What is x(61)?
1
Let d(t) = 94*t - 7037. Determine d(97).
2081
Let n(p) = -p**3 + 26*p**2 + 1181*p - 13394. Give n(10).
16
Let t(m) = -1402*m**3 - 6*m**2 - 10*m - 4. What is t(-1)?
1402
Let m(y) = -1723*y - 6529. Give m(-4).
363
Let s(n) = 46*n + 7792. What is s(-152)?
800
Let h(r) = 14*r**2 + 6241*r - 13924. Give h(-448).
-36
Let m(x) = 129320*x - 388121. Determine m(3).
-161
Let t(o) = 693*o**2 + 6241*o + 36. Calculate t(-9).
0
Let c(k) = 41*k**2 + 335*k + 3. Give c(-8).
-53
Let d(v) = -861*v**2 + 17228*v - 192. Calculate d(20).
-32
Let c(y) = 447*y**2 + 14710*y + 29415. Determine c(-2).
1783
Let y(r) = 22*r**2 + 12*r - 1. Give y(4).
399
Let b(c) = 14*c**2 - 938*c - 5765. Give b(-6).
367
Let y(a) = 184095*a - 46576040. What is y(253)?
-5
Let o(t) = 41123*t - 329018. Give o(8).
-34
Let r(j) = -5*j**2 + 1213*j - 115. Calculate r(240).
3005
Let k(z) = -z**3 + 152*z**2 + 943*z + 799. Determine k(158).
9
Let x(l) = 7*l**2 + 8381*l + 99663. Give x(-12).
99
Let x(h) = 29788*h - 327664. What is x(11)?
4
Let b(x) = 2792*x - 751080. Determine b(269).
-32
Let l(r) = -17*r**2 + 551*r - 2205. Determine l(4).
-273
Let y(j) = -21500*j + 128997. Calculate y(6).
-3
Let v(w) = 3*w**2 + 11020*w - 22038. What is v(2)?
14
Let h(p) = -p**3 - 167*p**2 + 158*p - 1782. Give h(-168).
-102
Let v(z) = -12*z**3 + 263*z**2 + 12*z + 112. Calculate v(22).
-108
Let q(k) = -2365*k**2 + 374*k + 375. Give q(-1).
-2364
Let h(n) = -7*n**2 - 203*n - 6. Determine h(-8).
1170
Let g(y) = -4*y**3 - y**2 + 31*y - 274. Calculate g(0).
-274
Let q(l) = -37*l**3 - l**2 - 74*l - 74. What is q(-1)?
36
Let x(b) = -497*b - 10398. What is x(-21)?
39
Let l(h) = 3*h**2 - 1084*h - 9845. What is l(-9)?
154
Let x(d) = -d**2 + 8119*d - 178137. Determine x(22).
-3
Let c(d) = -464*d**2 - 134099*d - 867. Give c(-289).
0
Let s(f) = -f**3 + 39*f**2 - 151*f - 713. What is s(34)?
-67
Let m(i) = -2*i**3 - 1038*i**2 + 5447*i + 108470. Determine m(-524).
2
Let c(p) = 10*p + 807. What is c(54)?
1347
Let v(h) = -13*h**3 + 25*h + 8. Determine v(-5).
1508
Let i(m) = -312*m + 96833. What is i(310)?
113
Let n(v) = -v**2 + 216*v + 1136. Determine n(-6).
-196
Let m(k) = -6*k**3 - 23*k**2 - k + 259. Determine m(4).
-497
Let u(f) = -f**2 - 104*f - 1117. Give u(-94).
-177
Let u(v) = 2*v**3 + 112*v + 799. Calculate u(-6).
-305
Let a(h) = -h**3 - 143*h**2 + 30422*h - 213. What is a(117)?
21
Let m(k) = -304*k**2 + 115210*k + 2288. Give m(379).
14
Let k(x) = x**3 - 47*x**2 + 73*x + 894. What is k(45)?
129
Let c(n) = -2*n**2 - 10762*n - 278459. Give c(-26).
1
Let y(x) = -3*x**2 - 5138*x + 36104. Determine y(7).
-9
Let w(r) = -8*r**2 - 23282*r - 69824. What is w(-3)?
-50
Let a(t) = -1616*t - 22984. Calculate a(-14).
-360
Let a(j) = j**2 - 65*j + 1374. Calculate a(55).
824
Let b(r) = 9*r**3 - 36*r**2 - 86*r + 561. Calculate b(7).
1282
Let x(y) = 7970*y + 597685. Calculate x(-75).
-65
Let r(k) = -2*k**3 + 1075*k**2 - 20732*k + 652. Give r(20).
12
Let u(m) = 247*m - 3201. Determine u(8).
-1225
Let a(g) = 3223*g + 19188. Give a(-6).
-150
Let p(h) = 3411*h - 10215. Determine p(3).
18
Let t(r) = 3*r**2 + 101*r - 354. Determine t(-36).
-102
Let t(d) = 6925*d + 193923. Calculate t(-28).
23
Let y(z) = -774*z - 2318. Calculate y(-3).
4
Let c(f) = -f**3 - 46*f**2 + 90*f - 3347. What is c(-49)?
-554
Let r(d) = d**2 - 476*d - 11592. What is r(-22)?
-636
Let z(i) = -i**3 + 59*i**2 + 1093*i - 5162. What is z(73)?
21
Let v(o) = o**3 + 271*o**2 - 15*o + 37. Calculate v(0).
37
Let d(m) = 449*m + 32569. Determine d(-71).
690
Le